ate the remainder when 74 is divided by r.
28
Let n(w) = 2 + 2 - 16*w**2 - 5 + 17*w + w**3. Let r = -4 - -19. Calculate the remainder when n(r) is divided by 8.
5
Let o be ((-12)/9)/((-10)/15). Calculate the remainder when 9/2*(o + -2 + 6) is divided by 15.
12
Let r(v) = -17*v - 2. Let m = -11 + 22. Calculate the remainder when r(-2) is divided by m.
10
Let x be 0/1*(-2)/6. Suppose 2*t - 686 = 4*k, 2*k + 2 = -x. Suppose -w + 3*s + 26 + 35 = 0, -5*w + t = -3*s. What is the remainder when w is divided by 18?
16
Suppose -2*k = -v - 65, k + 2*k + 2*v = 80. Suppose -12 = 3*h - k. Calculate the remainder when 20 is divided by h.
2
Let z = 11 + 1. Let n = 9 - z. What is the remainder when 48 is divided by n/(185/50 + -4)?
8
Suppose 16*u = 18*u - 1206. Suppose -5*k + u - 68 = 0. What is the remainder when k is divided by 27?
26
Suppose 315 = 5*c - 5*k, c + 3*c + k = 267. Let n be c*(5/(-3) - -2). Suppose -h - n = -2*h. What is the remainder when 85 is divided by h?
19
Suppose -3 = -f - 0*f. Let g(q) = -q + 5. Let r be g(f). Suppose 5*y + 4*w = 59, -y - r*w + 3*w = -19. Calculate the remainder when 42 is divided by y.
12
Suppose 6*u + 348 = 10*u. Let p = 146 - u. Calculate the remainder when p is divided by 30.
29
Let c(i) = i**2 + 2. Let g be -2*(-8)/4*1. Calculate the remainder when 2/g - 595/(-14) is divided by c(3).
10
Suppose 0 = -3*u + 14 + 19. Suppose -8*c + 12*c - 64 = -z, -z = 5*c - 67. What is the remainder when z is divided by u?
8
Suppose -4082 - 3380 = -26*k. What is the remainder when k is divided by 101?
85
Suppose 13*k + 2 = -3*o + 12*k, -2*o = 3*k + 13. Let c = -5 + 2. What is the remainder when c*(o/(-3) + -3) is divided by 3?
1
Suppose -65 = 5*a - 725. What is the remainder when a is divided by 34?
30
What is the remainder when 98 is divided by (168/16 + -8)*44/5?
10
Let v(w) = w**3 + 20*w**2 + 42*w + 17. What is the remainder when v(-17) is divided by 19?
18
Suppose 0 = -10*p + 7*p + 2*y + 356, 4*p - 2*y - 476 = 0. Calculate the remainder when 225 is divided by p.
105
Let n = 500 - 242. What is the remainder when n is divided by 10?
8
Let v(h) be the second derivative of -3/2*h**2 + 8*h + 0 - 1/6*h**3. What is the remainder when v(-6) is divided by 3?
0
Suppose 51 = 2*b + b - 4*f, -b = -f - 16. Let a = 5 + b. Calculate the remainder when 100 is divided by a.
10
Let y(w) = 6*w - 15. Let n be y(6). Let m(q) = -q - 2. Let v be m(-5). Let c = v + n. Calculate the remainder when 43 is divided by c.
19
What is the remainder when 44 is divided by 15/10*-2 + 17 + 2?
12
Let c(q) = q**3 + 4*q**2 - 35*q + 123. Calculate the remainder when 1 - 3*7*-3 is divided by c(-9).
31
Calculate the remainder when 20/(-10)*(-77)/2 is divided by 13.
12
Suppose -74 = -q - 19. Calculate the remainder when q is divided by 18.
1
Let d(q) = 20*q - 38*q + 19*q - 17. What is the remainder when d(24) is divided by (1/(-1))/((-2)/10)?
2
Let z(y) = y**2 - 5*y - 7. Let v be z(-7). Suppose -8*x + 875 = -v. Calculate the remainder when x is divided by 30.
29
Let x(t) = -6*t. Let k = -63 + 92. Let f = 36 - k. Calculate the remainder when x(-2) is divided by f.
5
Let y(n) = -n**3 - 2*n**2 - n - 1. Let c be y(-2). Let k = -11 + 15. What is the remainder when 25*c/k*8 is divided by 18?
14
Let n = 100 + -97. Suppose 0 = -3*v - 2*v + n*c + 179, c = -v + 39. Calculate the remainder when 146 is divided by v.
35
Let w(n) = -n**3 + 4*n**2 + 12*n - 8. Calculate the remainder when 74 is divided by w(5).
20
Suppose 7 = 3*b - 1523. What is the remainder when b is divided by 64?
62
Let s = 31 + -29. Let l(q) = -20*q**3 + 3 + 21*q**3 - 4*q**s - q + q. Calculate the remainder when l(5) is divided by 15.
13
Calculate the remainder when 66 is divided by 88/5 - (-6)/15.
12
Calculate the remainder when 82 is divided by (-1444)/(-18) - (-17)/(1377/(-18)).
2
Suppose 43 = f - 2*n, -n - 83 = -4*f + 2*f. Suppose a + a = r - 30, 0 = 2*r - 5*a - 64. What is the remainder when f is divided by r?
19
Suppose l - 1 = 0, 0*x - 2*l + 2 = -x. Suppose u + u - 10 = x. Calculate the remainder when 172 is divided by (u + -1)*560/64.
32
Let m be (-34)/(-6) + 12/(-18). Suppose m*d - 74 = 341. What is the remainder when d is divided by (-375)/(-18) + (-39)/(-234)?
20
Suppose -g + 57 = 4*w - 8*w, 5*g + w = 327. Calculate the remainder when 75 is divided by g.
10
Let c(p) = -p**3 + 12*p**2 - 4*p - 1. Let j be 4/(340/415) + (-4)/(-34). Calculate the remainder when c(j) is divided by 39.
37
Let z(w) = w + 4. Let q be z(-4). Suppose 5*l = -x - q*x + 173, -3 = -x. What is the remainder when l is divided by 9?
7
Let a be 1 + (1/5)/(2/(-10)). Suppose a = -3*b - 5*f + 138, 2*b - 5*f - 78 = -11. What is the remainder when b is divided by 11?
8
Let s = -107 - -156. Calculate the remainder when s is divided by 17.
15
Let x be 10/(-4)*(5 + -3). Let j = -3 - x. Calculate the remainder when j is divided by 1.
0
Suppose -4*y + 20 = 2*f + y, 0 = -4*f - y + 4. Suppose f = -4*n + 3*o, -o = 2*o - 12. Let r = -18 - -26. What is the remainder when r is divided by n?
2
Suppose -4403 = -15*k + 27742. Calculate the remainder when k is divided by 143.
141
Let v be 252/27*3/2. Suppose -v = -4*a - 3*a. What is the remainder when 0 + (27 - (a + -2)) is divided by 7?
6
Suppose 69*l - 64*l = 955. What is the remainder when l is divided by 32?
31
Suppose 5*d = 72 + 33. Suppose 4*a = -4*b + 172, -a = 3*b - 4 - 31. Let f = a + -7. What is the remainder when f is divided by d?
19
Let g(l) = l**2 + 6*l + 1. Let a be g(-6). Suppose 0 = r + a + 5. What is the remainder when 79 is divided by -20*2/r*3?
19
Suppose 6*a = 74 + 10. Calculate the remainder when 55 is divided by a.
13
Let v be 4 + 1/((-3)/6). Let d be 1 - (v + 2) - -2. Let x(b) = 52*b**2 - 2*b - 1. Calculate the remainder when x(d) is divided by 14.
11
Let h = 916 + -657. What is the remainder when h is divided by 65?
64
Let a(p) = 3*p + 25. Suppose 0 = -0*g - 4*g. Suppose 2*x = t - 2*t + 21, -x + 3*t = 0. What is the remainder when a(g) is divided by x?
7
Suppose 4*j - 24 + 8 = -2*f, 11 = -2*f + 5*j. Calculate the remainder when 9 is divided by f.
1
Let x be 302/4*(3 - 1). Suppose 3*w + 3*z - x = -2*z, 4*w - 180 = 4*z. Let l = -17 + w. Calculate the remainder when l is divided by 11.
8
Suppose -8*y + 18 = -38. Suppose 38 + 19 = 3*g. What is the remainder when g is divided by y?
5
Let f = 20 - -7. Let b = f - 22. Suppose a - b = 3. What is the remainder when a is divided by 3?
2
Suppose 4*w = 0, -2*q - 2*w + 13 + 31 = 0. Let o = 2 + -1. Calculate the remainder when 1*(7 - o)*7 is divided by q.
20
Suppose -2*k = -6*k + 16. Calculate the remainder when (0 - -5 - k)*27 is divided by 17 + (-2)/(0 - -1).
12
Suppose -24*t + t + 2852 = 0. What is the remainder when t is divided by 9?
7
Suppose 6*j - 3*j - 195 = -3*f, 3*f - 128 = -2*j. What is the remainder when j is divided by 35?
32
Suppose -f = 10*f - 22. Suppose 0 = -4*u + 5*u + 3*h - 36, 5*h = f*u - 83. What is the remainder when u is divided by 21?
18
Let c(m) = -m**3 - 9*m**2 - 6*m - 11. Let f(r) = -10*r**2 + 6*r - 5. Let v be f(1). What is the remainder when c(v) is divided by 15?
13
Calculate the remainder when 184/1196 + ((-8780)/26)/(-2) is divided by 29.
24
Suppose -y = 2*y - 60. Suppose -2*m = 32 - 42. Calculate the remainder when m/y + 55/4 is divided by 8.
6
Suppose -t = -5*t + 100. Suppose 2*k - 107 = 29. Let c = 81 - k. Calculate the remainder when t is divided by c.
12
Suppose -5*k = 4*l - 90, -4*l = l - k - 98. What is the remainder when 257 is divided by l?
17
Let c(t) = -3*t + 101. Calculate the remainder when c(-19) is divided by 53.
52
Suppose 3*v + 12 = 0, 2*v - 5*v = -7*i + 1678. Calculate the remainder when i is divided by 60.
58
Suppose -2*t - 3*a - 39 = -5*t, -2*t + a = -31. What is the remainder when 69 is divided by t?
15
Suppose -49*p + 901 = 166. What is the remainder when 2/(-5) - 1388/(-20) is divided by p?
9
Calculate the remainder when (5 - -3 - 5)*19 - -1 is divided by 21.
16
Let z = -18 - -73. Let d = z - 43. What is the remainder when 34 is divided by d?
10
Let k be (-6)/2 + 26 + 1. Calculate the remainder when (126/5)/(k/180) is divided by 48.
45
Suppose s - 380 = 4*r - 3*s, -3*r + s - 277 = 0. Let o = r - -101. Calculate the remainder when 48 is divided by o.
8
Let u(v) = v**3 - 8*v**2 - 6*v - 11. Let